 - (2 - 2). Suppose -4*w - 2 = -f*w. Let v(a) = a**3 + 2*a**2. Calculate v(w).
1
Let n(h) = -h**3 + 2*h**2 + 6*h. Let d(o) = -o + 1. Let t be (26/(-4))/((-10)/(-20)). Let y = 14 + t. Let r(k) = y*n(k) + 2*d(k). What is r(-2)?
10
Let i be (1 - (-3 + 5))*3/3. Let z(a) = 14*a**3 + a**2. What is z(i)?
-13
Let k(x) be the second derivative of -x**5/20 + 7*x**4/12 + 2*x**3/3 + 5*x**2 - 3*x - 10. Calculate k(8).
-22
Let u(n) be the second derivative of -n**5/2 + n**4/6 - 3*n**2/2 - 3*n. Let t(b) = -b**2 - b + 1. Let v(l) = -2*t(l) - u(l). Calculate v(-1).
-11
Let m(h) = -h**3 + 18*h**2 - 3. Let n(c) = c**3 + 9*c**2 + 18*c + 8. Let f be n(-5). Give m(f).
-3
Let z be -1 - (-36)/(-15) - (-33)/(-55). Let c(s) = -3*s - 6*s**2 + 0*s**2 - 1 + 7*s**2. What is c(z)?
27
Let t(r) = 3*r**3 + 7*r - 5 + r**2 - 6*r + 4*r**2 - 4*r**3 + 2*r**2. Calculate t(6).
37
Let r(c) = c**3 - 2*c**2 - 3*c + 1. Let w be 10/200*52 - 4/(-10). What is r(w)?
1
Let y(u) = -4*u - 284*u**2 + 1 + 6*u - 20*u**3 + 284*u**2. Determine y(-1).
19
Let s(o) be the first derivative of 1/2*o**2 + 1 + 0*o - 1/3*o**3 + 3/2*o**4. Let i = 4 + -3. Calculate s(i).
6
Let n = -46 + 50. Suppose n*w = -5 + 13. Let t(s) = s**2 + s + 1. Let i(h) = -h**3 + 5*h**2 + 2*h. Let d(o) = -i(o) + 2*t(o). Calculate d(w).
-2
Let c be ((-4)/(-1) - 2) + -1. Let s(k) = -11*k + 7. Let t(a) = -24*a + 16. Let l(n) = 9*s(n) - 4*t(n). Give l(c).
-4
Suppose 4*q - 2*k - 20 = -0*k, -5*q = -3*k - 27. Let v(h) = -4*h + 15. Give v(q).
3
Let r(l) = 0*l**2 + 15 - 15 + l**2 + 2*l**3. Let o(u) = -u + 8. Let b be o(10). Calculate r(b).
-12
Let a(r) be the first derivative of 3*r**2 - r - 1. Let y = 4 + 0. Suppose -5*u + 5*c + 37 = 7, 5*c + 12 = -y*u. Determine a(u).
11
Let j(g) = g**2 - 5*g + 5. Let i be 7*(3 - -2)/5. Let z = i - 2. Calculate j(z).
5
Let l be (38/3)/((-2)/9). Let m = l - -67. Let i(z) = -z + 12. Give i(m).
2
Let u(p) be the third derivative of p**7/840 + p**6/180 - p**5/24 - p**4/12 - 5*p**3/3 - 19*p**2. Let g(b) be the first derivative of u(b). Give g(-3).
4
Let w(c) be the first derivative of -c**5/60 - c**4/6 - 5*c**3/6 + 3*c**2 + 13. Let q(y) be the second derivative of w(y). Give q(-4).
-5
Suppose 10*z - 3*z = -56. Let v(x) = 4*x**2 + 31*x - 11. Let n be v(z). Let j(t) = t**2 + t + 4. What is j(n)?
10
Let r be 1 + (726 + -1)/5. Let n(u) = -145*u + r*u + 3 - 5. Calculate n(-3).
-5
Let c(k) = 4*k**2 + 10*k - 3*k**2 - 12*k + k**3 - 42 + 39. Let q be ((-3)/2)/((-3)/6). Let o be (-2 + 1 + q)/(-1). What is c(o)?
-3
Let o = -2741 + 2747. Let v(d) be the third derivative of d**4/24 - 5*d**3/6 + 2*d**2. Give v(o).
1
Let i(k) be the first derivative of k**4/4 - 4*k**3/3 - k**2 + 3*k + 124. Calculate i(3).
-12
Let l be (1 - 3)*-6*(-7)/(-21). Let d(v) = -v**3 + 8*v + 5*v**2 - 2*v - 3 - 3*v**2. What is d(l)?
-11
Suppose -u - u = 0. Let f be (u - 0) + (3 - -2). Let g(c) = -f - c + 0*c + 0*c. Give g(-6).
1
Let o(h) = 100*h - h**2 + 5 + 4*h**2 - 16 - 4*h**2 - 85*h. What is o(14)?
3
Let n(d) = 5*d + 1. Let f(l) be the second derivative of 1/20*l**5 + 0 + 5*l + 0*l**4 - 1/6*l**3 + 1/2*l**2. Let g be f(0). What is n(g)?
6
Let j(m) = 3*m**3 + 10*m**2 - m - 2. Suppose 5*u + 3*a - 30 = -2*a, 2*a + 9 = 5*u. Let g(n) = 2*n**3 + 9*n**2 - 2*n. Let q(z) = u*j(z) - 4*g(z). What is q(4)?
-18
Let x(o) be the first derivative of o**7/840 - o**6/120 - o**5/20 - o**4/4 + 23*o**3/3 - 3. Let k(i) be the third derivative of x(i). Determine k(5).
14
Let l(c) = -152*c - 2 + 2 + 150*c. Suppose 0*h + 7*h + 14 = 0. Give l(h).
4
Let l(n) = 4*n**2 - n + 8. Let h be l(3). Suppose h*d = 38*d - 24. Let k(t) = -t**2 - 9*t + 1. Give k(d).
9
Let h(n) = -2*n - 8. Let b(c) = -c - 4. Let t(l) = -7*b(l) + 3*h(l). Determine t(3).
7
Suppose -3*h = z - 14, 4*z - 7*z + 4*h = 10. Let w(f) = -2*f - 10 + f + 2*f + f**z. Let v(x) = -x**3 + 13*x**2 + 13*x + 14. Let b be v(14). Determine w(b).
-10
Suppose -28*x - 90 = 134. Let i(y) = y**3 + 8*y**2 + 4*y + 6. Determine i(x).
-26
Let n(b) be the first derivative of b**4/4 - 8*b**3/3 + 8*b - 76. Give n(8).
8
Let j(i) = 4*i. Suppose 13*v - 24 = 7*v. What is j(v)?
16
Let x(w) = -4 + 0*w - w - 3*w**2 + 2 + 2*w. Suppose 2*l + 5*b = l - 22, 0 = 2*b + 8. Give x(l).
-16
Suppose 7*l = -40 + 12. Let a = -3 - -5. Let t(c) = -c - a - 1 + 0. What is t(l)?
1
Let l(i) = 8 - 5*i - i**2 - 10*i + 4*i + 1 + 6. What is l(-12)?
3
Let w(g) = g + 2. Let d(p) = p**3 - 31*p**2 + 29*p + 35. Let k be d(30). Calculate w(k).
7
Let m(w) = -6*w - 23. Let i(g) = -g - 3. Let k(r) = 5*i(r) - m(r). Calculate k(3).
11
Let g(v) = 288*v - 71*v + v**2 - 14 - 79*v - 76*v - 69*v. What is g(10)?
16
Let z(s) = -5*s**2 - 4*s - 6. Let t(u) = -26*u - 367. Let b be t(-14). What is z(b)?
-39
Let b(u) be the third derivative of u**5/60 - u**4/12 - u**3/2 + 3*u**2. Let s(o) be the first derivative of b(o). Let p be ((-8)/32)/((-1)/12). Determine s(p).
4
Let l be (1/((-20)/8))/((-3)/15). Let a(k) = -3*k**3 + 4*k**3 + 4 + 8*k**2 - 2*k**3 - 2*k**l. Determine a(6).
4
Let o(x) = x**3 - 5*x**2 + 2*x + 4. Suppose -1 = a - 2*c + 4*c, 4*a = 2*c - 14. Let m be a/(-1) + -25 + 0. Let w be (-184)/(-44) + 4/m. Calculate o(w).
-4
Let f(z) be the third derivative of -z**4/24 + 7*z**3/6 - 49*z**2. Give f(7).
0
Let i be 0/14 + (-1 - -8). Let s(n) = -14*n + 13*n + i - 2. Let t = -1 - -1. What is s(t)?
5
Let k(h) = -4*h**2 - 3*h**2 + h**2 + 7*h**2 - h - 3 - 10*h. Determine k(10).
-13
Let w(g) = g**3 - 7*g**2 + 6*g - 8. Let r = 330 + -324. Give w(r).
-8
Let z = -7 + 5. Let n(b) = b**3 + b**2 + b - 4. Let d(f) = 2*f**3 + 2*f**2 + f - 5. Let h(s) = -2*d(s) + 3*n(s). Determine h(z).
0
Let w(f) be the first derivative of -f**4/12 + 5*f**3/6 + 11*f**2 - 19. Let v(l) be the second derivative of w(l). What is v(4)?
-3
Let p(j) = -2*j**2 + 8*j - 4. Suppose 5*t - 2*r - 70 = 0, 5*t - t = r + 56. Suppose 3*i + 5*u = 5, 4*i - t - 2 = -2*u. Calculate p(i).
-14
Let j(h) = -2*h**2 + 13. Let q = -35 - -38. Let s be j(q). Let n(k) = k**3 + 4*k**2 - 2*k - 1. Calculate n(s).
-16
Let z(j) = -5*j - 4. Suppose -8 = 12*m - 10*m, 2*i + 8 = -5*m. What is z(i)?
-34
Suppose 20*o - 84 = -24. Let y(a) = 2*a + 4. Let x(g) = -g - 3. Let u(d) = -3*x(d) - 2*y(d). What is u(o)?
-2
Let c(m) be the third derivative of -m**6/120 - m**5/15 - m**4/12 + m**3/3 + 86*m**2. Calculate c(-3).
-1
Let i(r) be the second derivative of r**4/12 + r**3/6 - 368*r. Give i(2).
6
Suppose 5*x + 21 - 36 = 0. Let d(i) be the second derivative of 0*i**2 + 0 + 1/2*i**x - 3*i. What is d(3)?
9
Let o(j) = j**2 - 11*j + 23. Let d be (2/(-3))/(3/(-45)). Determine o(d).
13
Let f(g) = 3*g**2 + 3*g - 2. Let b be f(3). Let z = b + -27. Let s(h) = -h**3 + 6*h**2 + 9*h - 5. Calculate s(z).
9
Let m = -13 - -8. Let d(u) = -2*u - 5. Let j(c) = 4*c + 10. Let v(h) = h**3 - 3*h**2 + 2*h - 3. Let i be v(3). Let l(x) = i*j(x) + 7*d(x). What is l(m)?
5
Let n(w) be the third derivative of -w**6/30 + w**5/60 - w**4/24 - w**3/6 + 4*w**2 + w. Determine n(-1).
5
Let g(l) be the third derivative of l**5/60 - 11*l**4/24 + 5*l**3/3 - 155*l**2. Give g(7).
-18
Let p(c) = c + 6. Suppose j = -z - 1, -5*z + j - 32 = -15. What is p(z)?
3
Let o(y) be the second derivative of y**4/12 - y**2/2 + y. Let i = -189 - -190. Calculate o(i).
0
Let h(t) = 41*t**2 - 39*t**2 - 3 + 2 + 6*t. Let f(p) = -5*p**2 - 13*p + 2. Let n(k) = 3*f(k) + 7*h(k). Let i be 10/(1 - (0 - 1)). Calculate n(i).
-11
Let n(g) = -11*g**2 + 3*g - 1. Let p(k) = -32*k - 190. Let i be p(-6). Give n(i).
-39
Let r(f) = -f**3 + 6*f**2 + 8*f - 9. Let s(o) = o**3 + 12*o**2 - o - 9. Let x be s(-12). Suppose 4*n = -8, 2*w + 0*n - 20 = x*n. Determine r(w).
-2
Let w(z) be the second derivative of z**5/5 - z**2/2 - 2*z. Let s be (4/(-6))/((-15)/(-9) - 1). Calculate w(s).
-5
Let k be 2/(-1 - (-4 - -5))*0. Let f(o) = -o. Let t(r) = 8 - 8 + 3*r. Let w(v) = 11*f(v) + 4*t(v). What is w(k)?
0
Let o(z) be the third derivative of -z**6/120 - z**5/12 - z**4/8 + 6*z**2. Suppose 0 = 3*i + 3, 5*a - a - 5*i + 15 = 0. What is o(a)?
15
Suppose 7*a + 136 = 9*a. Let w = a - 32. Let z be (w/16)/((-6)/16). Let k(q) = q**3 + 6*q**2 + q - 2. Give k(z).
-8
Let v(n) = n**3 + 4*n**2 + 3*n + 3. Suppose 4*o - 10 + 38 = 4*f, f - 23 = 5*o. Calculate v(o).
-9
Let s = 53 + -51. Suppose -2*q = 5*g + 8, -g + s*q = -7 - 1. Let r(z) = z**3 - 10. Determine r(g).
-10
Let u